1 - (4/2 + -29).
24
Let m(q) = q**2 + 4*q - 1. Let z be (4 + -2)/2*-1. Let o(x) = -38*x**3 + x**2 - x - 2. Calculate the remainder when o(z) is divided by m(3).
18
Suppose 297 = x + m, 4*x = 70*m - 66*m + 1196. Calculate the remainder when x is divided by 23.
22
Suppose 5*g + s - 351 = -s, 2*s + 4 = 0. Let b = -1 + 3. Suppose -167 = -b*o - 3*d, 4*d - 177 - g = -3*o. What is the remainder when o is divided by 13?
11
Suppose 164*m - 161*m = 609. Suppose 6*n - m = -29. Calculate the remainder when 143 is divided by n.
27
Let d(h) = -4*h**3 - 3*h**2 - h - 1. Let m = 12 - 14. Calculate the remainder when 39 is divided by d(m).
18
Let b = -2 - -41. What is the remainder when 310 is divided by b?
37
Let g = 15 + -9. Let t(w) = -w**3 - 3*w**2 - w + 7. What is the remainder when t(0) is divided by g?
1
Suppose 0 = -4*o + 4*u + 68, -66 = -4*o + u + 2*u. Let r be -2 + (3 - 2) + 4. Suppose 94 = r*b - 80. Calculate the remainder when b is divided by o.
13
Let n be (4/10)/((-4)/2180). Let s = -142 - n. Suppose -3*a + 67 = 2*l, 5*a + 21 = l + 4*a. What is the remainder when s is divided by l?
24
Let m(s) = s**3 - 38*s**2 - 38*s - 13. Calculate the remainder when 179 is divided by m(39).
23
Suppose -4*f = -0 - 8. Suppose f = -4*z + 54. Suppose -j = -0*j - z. Calculate the remainder when j is divided by 8.
5
Let c(v) = -20*v - 1. Let o be c(-2). Let w = o - 39. Let b = w + 15. Calculate the remainder when 55 is divided by b.
10
Let h be 4/(-22) + (-1071)/99. What is the remainder when 298/14 - 4/14 is divided by h/2*(-12)/6?
10
Let f(b) = -b**3 - 2*b**2 - 4*b + 2. Let k be f(-4). Calculate the remainder when (5 + -3 + k)/1 is divided by (-292)/(-32) + ((-6)/(-16))/(-3).
7
Let l(k) = -69*k + 10. Let c be l(-2). Suppose -g + 5*g = c. What is the remainder when 145 is divided by g?
34
Suppose -4*m = 1569 - 2081. What is the remainder when 621 is divided by m?
109
Let s(n) = -n - 9. Let d be s(-11). Suppose 0 = d*f + r - 19, -r - 5 = -0*r. What is the remainder when 46 is divided by f?
10
Let k(v) = v + 70. Suppose b = 4*b. Suppose -72 = -13*m + 9*m. What is the remainder when k(b) is divided by m?
16
Suppose 0 = -4*v - 4, 5*v - 1207 = 2*y - 6*y. What is the remainder when y is divided by 106?
91
Let y(d) = d**2 + 3*d - 5. Suppose 0 = -4*j - 0 - 24. What is the remainder when y(j) is divided by 8?
5
Let k = 176 + -106. Suppose 5*n - k = 3*n. Calculate the remainder when 104 is divided by n.
34
Suppose 5*d - 14 = 21. Suppose -61 = -d*p + 2. Let u = 83 + -49. Calculate the remainder when u is divided by p.
7
Suppose -2*w = -31 + 111. Calculate the remainder when (-10)/w - (-255)/4 is divided by 13.
12
Let q(i) = -1 + 20*i**2 + 68*i**2 - 15*i**2. What is the remainder when q(1) is divided by 15?
12
Let i be (1 - 8/4)*6 - 5. Suppose -4*n + 7*n = -84. Let c = i - n. What is the remainder when c is divided by 5?
2
Suppose 0 = -2*k + 57 + 7. What is the remainder when 8 + (-538)/(-1076) + (-2)/((-4)/105) is divided by k?
29
Let w be 6*(-3)/2 + 3. Calculate the remainder when (-8)/w*1239/14 is divided by 40.
38
Suppose 0 = -7*u + 3*u + 12. Let s be (-4)/(4/u) + 90. Suppose -i - 2*i + s = 0. Calculate the remainder when i is divided by 8.
5
Let a(n) = -48*n - 455. What is the remainder when 507 is divided by a(-11)?
69
Let s(w) = -w**2 - 16*w + 223. What is the remainder when 39 is divided by s(-24)?
8
Calculate the remainder when (1/(-2))/((-129623)/(-14404) - 9) is divided by 40.
34
Let t(a) = 21*a + 40. Let g(o) = 10*o + 20. Let p(v) = -13*g(v) + 6*t(v). What is the remainder when p(-8) is divided by 9?
3
Let x be -1 + (1/2 - 56/(-16)). Suppose x*m - 167 = 238. What is the remainder when m is divided by 23?
20
Calculate the remainder when 9 + ((-405)/(-9) - 8) is divided by 16.
14
Suppose 2*h + 65 = 7*h. Let z(o) = -3*o**2 - 34*o + 252. What is the remainder when h is divided by z(5)?
6
Suppose 104 = 2*k + 38. What is the remainder when 102 is divided by k?
3
Suppose 9*q + 12*q = 3612. What is the remainder when q is divided by 67?
38
Suppose 3*z - 3*j - 13 = 11, -3*j = -2*z + 19. Suppose z*a = 202 + 118. Calculate the remainder when a is divided by 11.
9
Let n = -372 + 751. Suppose 4*m - n = -7. Calculate the remainder when m is divided by 24.
21
Suppose 0 = 3*s - 17 + 11. Suppose 2*r - s*i = -618, -r = r + i + 627. Calculate the remainder when (3/9)/((-4)/r) is divided by 9.
8
Let g = 19 - 15. Calculate the remainder when 116/g - (-20)/5 is divided by 22.
11
Calculate the remainder when 0 + 5 + (-2 - -100) is divided by 29.
16
Let p(r) = r**3 - 9*r**2 + 5. Calculate the remainder when p(9) is divided by 4.
1
Suppose -r - 137 = -13. Let y be r/(-8) + 1/(-2). Let w = -11 + y. Calculate the remainder when w is divided by 3.
1
What is the remainder when -4 - 18/((-90)/11165) is divided by 23?
21
Let s(w) = -173*w - 3. Suppose 0 = q + 2*f - 37, 5*q - 2*f - 104 = 117. What is the remainder when s(-1) is divided by q?
41
Let t = 70 + -7. What is the remainder when 121 is divided by t?
58
Let w(n) = 74*n**2 + 3. What is the remainder when 3231 is divided by w(1)?
74
Let y(o) = o**3 - 6*o**2 + 4*o + 7. Let g be y(5). Suppose -5*j + 0*t + 153 = 3*t, g*t = -j + 32. Calculate the remainder when 118 is divided by j.
28
Suppose 2420 = 5*b - 2*l, -2*l + 1959 = 4*b + l. Suppose 156 = -10*r + b. What is the remainder when r is divided by 9?
6
Let v(n) be the second derivative of -1/20*n**5 + n + 0 + 71/2*n**2 + 0*n**4 + 1/6*n**3. What is the remainder when v(0) is divided by 18?
17
Suppose 4*s - 4 + 40 = -5*j, -j - 20 = 4*s. Let t be 16/1*(-2)/s. Let d(m) = -m**2 + 10*m - 11. What is the remainder when d(t) is divided by 3?
2
Suppose -3*o - 18*z = -22*z - 232, 5*z = -4*o + 299. Calculate the remainder when o is divided by 2*2/(-8)*-26.
11
Let c be 1 - ((-372)/(-8) + 1)*-6. Suppose -3*b = -5*h - b + 468, -4*b + c = 3*h. Calculate the remainder when h is divided by 24.
22
Suppose -2*i = -3*i - m + 52, 97 = 2*i - 5*m. What is the remainder when i is divided by 18?
15
Let r = -48 + 45. Calculate the remainder when 21 is divided by (0 - r)*(-33)/(-9).
10
Let b = 105 + -102. Suppose -b*v + 9 = -24. Calculate the remainder when 31 is divided by v.
9
Suppose -40 = -5*b + 5*k, -15*k + 14*k + 31 = 2*b. What is the remainder when 76 is divided by b?
11
Let g(y) = y**3 + 13*y**2 + 12*y + 2. Let a(l) = -2*l**2 - 3*l - 3. Let r be a(-3). Let v be g(r). What is the remainder when 91 is divided by 651/28 - v/8?
22
Let l(i) = -75*i**2 + i. Let h be l(-1). Let r = h + 144. Let z = -52 - -66. Calculate the remainder when r is divided by z.
12
Let r = 559 - 529. What is the remainder when 32 is divided by r?
2
Let o = -1715 + 1734. What is the remainder when 512 is divided by o?
18
Let q(h) = -h**3 + h**2 + 1. Let g be q(0). Let i be 5 - g/(4/12). Suppose -i*m + 6*m = 28. What is the remainder when 24 is divided by m?
3
Let n(x) = -2*x**2 - 7*x - 5. Let l = -14 - -10. Let g be n(l). Let a(q) = -q**2 - 13*q - 13. Calculate the remainder when a(g) is divided by 8.
7
Suppose -27 = -4*f - 4*d + d, -2*d - 28 = -5*f. Suppose r - 6 = -0*r. What is the remainder when f is divided by r?
0
Let q = -118 - -205. What is the remainder when 257 is divided by q?
83
Let s(b) = b**2 + 3*b + 10. Calculate the remainder when s(-6) is divided by 7.
0
Suppose 26 + 6 = 2*p. Suppose -3*r - p = -7*r. Suppose 54 = 6*n - r*n. Calculate the remainder when 80 is divided by n.
26
Suppose -3*r + 3*j + 93 = 0, -368*r = -363*r + 5*j - 195. What is the remainder when r is divided by ((-6)/7)/(1/(-7))?
5
What is the remainder when 46 is divided by ((-123)/12)/(28/(-112))?
5
Suppose -2*u = -37 - 3. Suppose -s = y - 5*s - u, 0 = -2*y - 2*s + 20. Calculate the remainder when 59 is divided by y.
11
Let v be -3 + (-11)/(55/(-490)). Let t = 139 - v. What is the remainder when t is divided by 15?
14
Suppose -7*i = -3*i - 16. Suppose 0 = -3*d - 3, -i*s + s = -3*d - 12. Let g = -1 + 2. What is the remainder when s is divided by g?
0
Let o(x) = x**3 + 14*x**2 + 34. Let w(i) = 9*i - 14. Let v be w(0). What is the remainder when o(v) is divided by 9?
7
Let b(g) = -3*g**2 - 17*g - 24. Let h be b(-11). Let k = h - -284. What is the remainder when k is divided by 29?
26
Suppose 132 = -0*h + 4*h. Let s(r) = 16*r**3 + r**2 - 2*r + 1. Let m(i) = -i**